nder when 24202 is divided by 563.
556
Calculate the remainder when 4178 is divided by 166.
28
What is the remainder when 189319 is divided by 4115?
29
What is the remainder when 14071 is divided by 46?
41
Calculate the remainder when 15302362 is divided by 11.
9
Calculate the remainder when 410239 is divided by 16409.
14
What is the remainder when 26219 is divided by 26198?
21
Calculate the remainder when 5992 is divided by 44.
8
What is the remainder when 534752 is divided by 446?
444
Calculate the remainder when 8714 is divided by 33.
2
What is the remainder when 45550 is divided by 16?
14
Calculate the remainder when 27866 is divided by 65.
46
What is the remainder when 38800 is divided by 218?
214
What is the remainder when 47007 is divided by 552?
87
What is the remainder when 1544 is divided by 152?
24
Calculate the remainder when 5123 is divided by 45.
38
Calculate the remainder when 58219 is divided by 160.
139
What is the remainder when 7882 is divided by 10?
2
What is the remainder when 6094 is divided by 718?
350
Calculate the remainder when 79452 is divided by 85.
62
Calculate the remainder when 3320 is divided by 21.
2
Calculate the remainder when 1514 is divided by 86.
52
Calculate the remainder when 47683 is divided by 15884.
31
Calculate the remainder when 9980 is divided by 3312.
44
What is the remainder when 13308 is divided by 266?
8
What is the remainder when 317978 is divided by 52?
50
Calculate the remainder when 15815 is divided by 174.
155
Calculate the remainder when 129885 is divided by 43293.
6
Calculate the remainder when 4467156 is divided by 1802.
1800
Calculate the remainder when 110658 is divided by 22.
20
Calculate the remainder when 21648 is divided by 344.
320
Calculate the remainder when 1650 is divided by 19.
16
Calculate the remainder when 41891 is divided by 65.
31
Calculate the remainder when 35265 is divided by 267.
21
Calculate the remainder when 4733 is divided by 364.
1
What is the remainder when 22920 is divided by 44?
40
What is the remainder when 4575 is divided by 158?
151
Calculate the remainder when 7925 is divided by 264.
5
What is the remainder when 1869 is divided by 373?
4
Calculate the remainder when 170899 is divided by 51.
49
Calculate the remainder when 3190 is divided by 2.
0
What is the remainder when 6156 is divided by 206?
182
Calculate the remainder when 810721 is divided by 1393.
1388
What is the remainder when 227320 is divided by 37886?
4
What is the remainder when 5244 is divided by 1739?
27
What is the remainder when 13166 is divided by 550?
516
What is the remainder when 1757 is divided by 124?
21
What is the remainder when 87295 is divided by 194?
189
Calculate the remainder when 174524 is divided by 29.
2
What is the remainder when 575 is divided by 403?
172
What is the remainder when 6943 is divided by 6939?
4
Calculate the remainder when 39549 is divided by 1561.
524
What is the remainder when 120922 is divided by 5038?
10
What is the remainder when 16152 is divided by 58?
28
What is the remainder when 1498 is divided by 113?
29
Calculate the remainder when 1904 is divided by 314.
20
Calculate the remainder when 4714 is divided by 203.
45
What is the remainder when 7190 is divided by 45?
35
What is the remainder when 2018774 is divided by 165?
164
What is the remainder when 2237 is divided by 204?
197
What is the remainder when 4809 is divided by 958?
19
Calculate the remainder when 95120 is divided by 39.
38
Calculate the remainder when 47057 is divided by 181.
178
Calculate the remainder when 33496 is divided by 905.
11
Calculate the remainder when 2051 is divided by 71.
63
Calculate the remainder when 11867 is divided by 251.
70
Calculate the remainder when 6943 is divided by 364.
27
Calculate the remainder when 90109 is divided by 24.
13
Calculate the remainder when 8066 is divided by 7.
2
What is the remainder when 2162 is divided by 756?
650
Calculate the remainder when 78982 is divided by 342.
322
Calculate the remainder when 55543 is divided by 112.
103
Calculate the remainder when 286180 is divided by 7531.
2
What is the remainder when 100841 is divided by 21?
20
What is the remainder when 958193 is divided by 538?
15
What is the remainder when 9757 is divided by 23?
5
What is the remainder when 132475 is divided by 182?
161
Calculate the remainder when 576 is divided by 57.
6
Calculate the remainder when 5186 is divided by 346.
342
Calculate the remainder when 3407 is divided by 842.
39
What is the remainder when 14434 is divided by 11?
2
Calculate the remainder when 24336 is divided by 89.
39
Calculate the remainder when 64679 is divided by 6.
5
Calculate the remainder when 20487 is divided by 229.
106
Calculate the remainder when 16393 is divided by 31.
25
What is the remainder when 69352 is divided by 13?
10
What is the remainder when 5009 is divided by 358?
355
What is the remainder when 311 is divided by 292?
19
Calculate the remainder when 3740 is divided by 932.
12
Calculate the remainder when 385352 is divided by 96336.
8
Calculate the remainder when 48603 is divided by 219.
204
What is the remainder when 10388 is divided by 942?
26
What is the remainder when 95772 is divided by 75?
72
Calculate the remainder when 11268 is divided by 10550.
718
What is the remainder when 5771 is divided by 78?
77
Calculate the remainder when 347 is divided by 15.
2
Calculate the remainder when 318 is divided by 111.
96
What is the remainder when 5267 is divided by 219?
11
Calculate the remainder when 5344 is divided by 2588.
168
What is the remainder when 11467 is divided by 231?
148
What is the remainder when 73530 is divided by 557?
6
What is the remainder when 183122 is divided by 68?
66
Calculate the remainder when 676 is divided by 225.
1
What is the remainder when 510914 is divided by 15?
14
Calculate the remainder when 2092 is divided by 710.
672
What is the remainder when 1311762 is divided by 207?
3
Calculate the remainder when 90261 is divided by 27.
0
What is the remainder when 4613 is divided by 100?
13
Calculate the remainder when 1830 is divided by 566.
132
What is the remainder when 24397 is divided by 97?
50
What is the remainder when 373049 is divided by 45?
44
Calculate the remainder when 6817 is divided by 1296.
337
What is the remainder when 6032 is divided by 70?
12
What is the remainder when 25374 is divided by 2113?
18
What is the remainder when 120717 is divided by 30175?
17
What is the remainder when 8441 is divided by 136?
9
Calculate the remainder when 7476 is divided by 3662.
152
Calculate the remainder when 28974 is divided by 14480.
14
Calculate the remainder when 6468 is divided by 430.
18
What is the remainder when 8202 is divided by 76?
70
What is the remainder when 19255 is divided by 535?
530
Calculate the remainder when 32600 is divided by 184.
32
What is the remainder when 1565 is divided by 56?
53
What is the remainder when 86986 is divided by 14496?
10
Calculate the remainder when 102149 is divided by 450.
449
Calculate the remainder when 1083 is divided by 1055.
28
What is the remainder when 80560 is divided by 42?
4
Calculate the remainder when 133045 is divided by 10.
5
Calculate the remainder when 145503 is divided by 2853.
0
What is the remainder when 4007 is divided by 604?
383
What is the remainder when 30686 is divided by 34?
18
What is the remainder when 5027 is divided by 720?
707
What is the remainder when 5585 is divided by 2772?
41
Calculate the remainder when 757 is divided by 81.
28
Calculate the remainder when 119301 is divided by 2653.
2569
What is the remainder when 24045 is divided by 173?
171
Calculate the remainder when 8920 is divided by 958.
298
What is the remainder when 307969 is divided by 689?
675
What is the remainder when 41975 is divided by 22?
21
Calculate the remainder when 450981 is divided by 14.
13
What is the remainder when 1112 is divided by 281?
269
What is the remainder when 3396455 is divided by 322?
321
Calculate the remainder when 5183614 is divided by 19.
15
Calculate the remainder when 5851167 is divided by 90.
87
Calculate the remainder when 56378 is divided by 56349.
29
What is the remainder when 10965 is divided by 59?
50
Calculate the remainder when 102928 is divided by 340.
248
